= -7*c**2 - 36*c + 1. What is y(-5)?
6
Let u(a) = 5*a + 67. What is u(-11)?
12
Let l(c) = c**3 - 8. What is l(0)?
-8
Let h(d) = -6*d - 68. Determine h(-6).
-32
Let k(i) = i**2 - 16*i + 16. Give k(14).
-12
Let b(k) = -k**3 - 4*k**2 + 6*k + 9. Determine b(-4).
-15
Let b(s) = -s**2 + 7*s - 6. Calculate b(4).
6
Let h(x) = 2*x - 2. Calculate h(-10).
-22
Let p(f) = f**2 + 9*f - 4. Determine p(-10).
6
Let o(a) = -3*a + 96. Give o(21).
33
Let q(n) = n**2 - 17*n + 29. Calculate q(13).
-23
Let v(x) = -x**3 + 10*x**2 - x - 2. What is v(10)?
-12
Let k(h) = h**3 + 11*h**2 + 17*h - 3. What is k(-9)?
6
Let t(j) = -j**3 + 3*j**2 + 12*j - 3. Calculate t(-3).
15
Let t(i) = i**2 - 3*i - 2. Determine t(3).
-2
Let k(r) = -4*r + 2. Determine k(2).
-6
Let b(t) = t**2 + 2*t + 2. Give b(-3).
5
Let d(q) = q**2 - 20*q + 95. Calculate d(5).
20
Let h(m) = -m**3 - 6*m**2 + 4*m + 5. What is h(-3)?
-34
Let r(s) = -2*s - 2. Calculate r(-8).
14
Let q(f) = -f**2 - 3*f + 7. Give q(-6).
-11
Let c(p) = 8*p**2 + 6*p + 17. Determine c(-3).
71
Let j(b) = -4*b + 24. Give j(3).
12
Let u(x) = 10*x - 95. Calculate u(7).
-25
Let m(u) = -u**2 + 7*u - 4. What is m(6)?
2
Let a(j) = -j**2 + 78. Give a(9).
-3
Let f(i) = -i**2 - 79*i - 300. Calculate f(-75).
0
Let i(g) = -g**2 + 8*g - 5. Calculate i(7).
2
Let l(x) = -14*x + 10. What is l(5)?
-60
Let d(p) = p + 13. Determine d(-8).
5
Let p(f) = 3*f - 30. What is p(14)?
12
Let b(g) = -g**3 - 4*g**2 - 2*g - 4. Calculate b(-4).
4
Let i(a) = a + 51. Determine i(4).
55
Let h(a) = -2*a**3 - 9*a**2 - 4*a + 12. Give h(-4).
12
Let d(j) = 4*j - 7. What is d(3)?
5
Let r(p) = p**2 - 4*p - 46. Give r(9).
-1
Let q(f) = 8*f + 33. What is q(-5)?
-7
Let s(u) = u**3 - 9*u**2 + 7*u + 11. Calculate s(8).
3
Let b(w) = -2*w**2 + 2*w + 37. What is b(9)?
-107
Let v(i) = i**2 + 19*i + 10. What is v(-15)?
-50
Let g(a) = -a**2 - 9*a - 6. Calculate g(-6).
12
Let s(f) = f**3 - 47*f**2 + 43*f + 133. What is s(46)?
-5
Let z(v) = 3*v - 40. Determine z(11).
-7
Let d(r) = r**3 - 7*r**2 + 10*r - 25. Determine d(6).
-1
Let r(a) = -2*a**3 + a**2 + a. What is r(-2)?
18
Let c(r) = -69*r**2 + 3*r - 3. Give c(1).
-69
Let o(f) = 5*f - 20. Calculate o(4).
0
Let n(q) = -q**3 + 14*q**2 + 2*q - 32. What is n(14)?
-4
Let m(z) = -2*z**2 - 18*z + 26. What is m(-11)?
-18
Let w(u) = -u**2 + 3*u + 22. What is w(5)?
12
Let b(q) = -5*q - 5. Calculate b(-2).
5
Let h(y) = 4*y + 37. Determine h(-8).
5
Let d(p) = -53*p + 426. Give d(8).
2
Let r(n) = n**3 - 4*n**2 + 3*n - 2. Give r(3).
-2
Let c(y) = -y**3 + 8*y**2 + 2*y + 24. Determine c(8).
40
Let h(t) = 25*t - 1270. What is h(51)?
5
Let f(n) = -n**2 + 4*n - 1. Determine f(3).
2
Let b(s) = -10*s + 39. Calculate b(10).
-61
Let q(s) = s**3 - 16*s**2 - 14*s - 23. What is q(17)?
28
Let v(g) = 4*g + 21. Calculate v(-7).
-7
Let f(c) = -c**2. Determine f(2).
-4
Let r(v) = v**2 + 8*v + 9. Determine r(-6).
-3
Let q(h) = -h**3 - 10*h**2 - 16*h - 63. What is q(-9)?
0
Let k(v) = -2*v**3 - 5*v**2 + 3*v - 3. Determine k(2).
-33
Let q(p) = p**3 + 4*p**2 + 7. What is q(-5)?
-18
Let u(z) = 49*z + 430. Determine u(-9).
-11
Let u(q) = -6*q - 71. Calculate u(-28).
97
Let h(w) = 6*w**3 + w**2 + 4*w + 2. Calculate h(-1).
-7
Let q(o) = -o**2 - 14*o - 40. Determine q(-12).
-16
Let k(o) = o**3 + 3*o**2 - 6*o - 5. Give k(-4).
3
Let s(x) = x**2 - 23*x + 125. Calculate s(11).
-7
Let t(y) = -6*y - 8. What is t(-13)?
70
Let w(i) = i**3 + 6*i**2 - 8. Give w(-6).
-8
Let x(p) = 2*p**3 - 2*p**2 + 1. Calculate x(-1).
-3
Let u(s) = s**3 + 12*s**2 + 19*s - 46. What is u(-4)?
6
Let l(p) = -p**3 + p**2 - 12. Calculate l(0).
-12
Let c(u) = 9*u + 8. Calculate c(5).
53
Let z(n) = 2*n**2 + 8*n - 4. Give z(-6).
20
Let l(s) = 4*s + 18. Determine l(-6).
-6
Let f(k) = k**2 + 18. Calculate f(-10).
118
Let f(b) = b**3 + 2*b**2 - 2*b + 4. Determine f(-4).
-20
Let k(h) = -h**3 + 2*h**2 + 6. Determine k(3).
-3
Let y(h) = 29*h**3 - 1. What is y(1)?
28
Let a(b) = b**3 + 7*b**2 - 59*b + 5. Calculate a(5).
10
Let i(x) = -7*x + 3. Determine i(3).
-18
Let q(j) = j**3 - 23*j**2 - 22*j - 49. What is q(24)?
-1
Let p(t) = t**3 - 5*t**2 + 3*t - 2. Give p(4).
-6
Let s(t) = -t**2 + 2*t - 3. What is s(4)?
-11
Let j(c) = -7*c + 20. Calculate j(2).
6
Let u(z) = 32*z + 11. Determine u(4).
139
Let y(o) = 6*o**2 + 92*o - 71. Determine y(-16).
-7
Let t(s) = 28*s**3 + 2*s**2 - 2. Give t(1).
28
Let k(f) = 9*f - 3. Determine k(5).
42
Let u(p) = -p**2 + 2*p + 19. Give u(6).
-5
Let p(w) = -5*w**3 + 2*w**2 + 11*w - 3. What is p(-3)?
117
Let c(u) = 2*u - 17. Calculate c(8).
-1
Let l(x) = -x**3 - 2*x - 10. Determine l(0).
-10
Let c(r) = r**2 - 13*r + 18. What is c(12)?
6
Let b(d) = d + 7. Calculate b(-3).
4
Let v(y) = y**3 + 3*y**2 - 9*y - 1. What is v(-6)?
-55
Let x(h) = -h**3 + 4*h**2 + 2*h + 1. Calculate x(5).
-14
Let v(s) = -65*s**2 + 1. Give v(1).
-64
Let q(j) = 22*j + 1. Determine q(-1).
-21
Let p(s) = s**3 - s**2 - 2*s - 9. Determine p(0).
-9
Let x(w) = -4*w - 7. Determine x(5).
-27
Let x(d) = d**3 - 5*d**2 - 6*d - 7. What is x(5)?
-37
Let t(q) = -14*q**2 + q. What is t(-1)?
-15
Let a(d) = 2*d**2 - 6*d - 5. Give a(-1).
3
Let i(f) = -f**2 - 2*f + 31. Give i(5).
-4
Let z(s) = -3*s - 23. Calculate z(-6).
-5
Let y(g) = g**2 - 7*g + 3. Determine y(8).
11
Let c(s) = s**2 - 9*s + 8. What is c(0)?
8
Let v(m) = -m + 17. Calculate v(-4).
21
Let b(y) = y**3 - 6*y**2 - 11*y - 2. What is b(8)?
38
Let l(x) = -3*x**3 - 3*x**2 - 3*x - 2. Determine l(-2).
16
Let q(m) = m**2 + 22*m + 112. Determine q(-15).
7
Let j(z) = -4*z - 5. Give j(-2).
3
Let l(y) = -2*y**2 - 4*y - 6. What is l(-7)?
-76
Let v(d) = -2*d - 31. Calculate v(-12).
-7
Let x(h) = 12*h - 170. Determine x(15).
10
Let c(r) = -r**3 - 6*r**2 - 5*r - 4. Calculate c(-4).
-16
Let z(v) = -2*v**2 + 3*v - 2. What is z(-5)?
-67
Let o(w) = w**3 - 9*w**2 - w + 11. Give o(8).
-61
Let x(u) = 9*u - 175. Give x(19).
-4
Let j(x) = x**2 - 19*x + 3. What is j(18)?
-15
Let w(m) = -m**2 - 2. Give w(5).
-27
Let h(v) = 7*v + 200. Calculate h(-28).
4
Let h(m) = -4*m**3 - 4*m**2 + 3*m + 12. Give h(-2).
22
Let w(v) = -25*v - 44. Calculate w(-2).
6
Let x(j) = j**2 - 7*j + 10. What is x(6)?
4
Let f(o) = o**2 - 5*o - 12. Calculate f(5).
-12
Let c(w) = -4*w + 24. Give c(0).
24
Let p(w) = w**2 - 31*w - 476. Give p(42).
-14
Let g(p) = p**3 + 37*p**2 - 79*p - 62. Give g(-39).
-23
Let y(r) = 5*r - 37. Determine y(11).
18
Let q(u) = -21*u**3 + u**2 + u + 1. Give q(-1).
22
Let h(j) = j**3 - j**2 - 7*j + 4. What is h(3)?
1
Let g(y) = -6*y + 3. Calculate g(2).
-9
Let t(g) = 4*g - 22. Calculate t(13).
30
Let t(p) = -6*p**2 + 4*p - 2. What is t(2)?
-18
Let b(f) = f - 22. What is b(0)?
-22
Let h(j) = -9*j + 7. Calculate h(-1).
16
Let w(u) = -2*u + 24. Calculate w(-10).
44
Let v(l) = l**2 - l + 10. What is v(-3)?
22
Let s(c) = c**2 - 9*c + 4. Give s(8).
-4
Let q(d) = 2*d**2 + 14*d + 9. Determine q(-7).
9
Let t(f) = -f**3 + 7*f**2 - 9*f + 5. Give t(6).
-13
Let f(o) = o**3 + 11*o**2 - 11*o + 1. Determine f(-12).
-11
Let b(m) = 2*m - 18. Determine b(5).
-8
Let l(a) = a**2 - 2*a - 6. Determine l(6).
18
Let a(n) = 2*n**2 - 2*n - 6. Determine a(-4).
34
Let m(x) = -28*x + 169. What is m(6)?
1
Let n(q) = -2*q**3 + 16*q**2 + q - 9. Calculate n(8).
-1
Let a(m) = -m**3 - 28*m**2 + 65*m + 155. What is a(-30)?
5
Let d(w) = 70*w**3 - 1. Calculate d(1).
69
Let t(x) = 7*x**2 + x - 4. Give t(-2).
22
Let m(h) = -h**3 - 19*h**2 + 14*h - 88. Determine m(-20).
32
Let n(h) = -21*h**2 - 3*h + 11. Determine n(3).
-187
Let k(j) = j**2 - 7*j - 92. Calculate k(13).
-14
Let z(r) = r**3 + 5*r**2 - 9*r - 14. What is z(-6)?
4
Let u(c) = -27*c**2 - 2*c + 1. What is u(1)?
-28
Let a(r) = 51*r**2 + r + 1. What is a(-1)?
51
Let y(i) = i. Determine y(7).
7
Let t(r) = -2*r**2 - 19*r - 43. Calculate t(-4).
1
Let d(s) = 2*s + 11. What is d(-10)?
-9
Let p(k) = k**2 + 11*k + 19. Give p(-6).
-11
Let c(a) = -a**3 - 8*a**2 + 8*a - 14. Calculate c(-9).
-5
Let x(m) = 17*m**2 - m + 2. What is x(1)?
18
Let v(z) = 6*z - 36. What is v(4)?
-12
Let t(u) = 7*u**2 - 2*u + 1. Give t(1).
6
Let w(h) = -3*h + 24. What is w(7)?
3
Let b(i) = i**3 + 26*i**2 - 25*i + 56. What is b(-27)?
2
Let q(y) = y**2 + 4. Calculate q(-7).
53
Let m(l) = 20*l + 8. Calculate m(3).
68
Let k(o) = -o**3 - 4*o**2 + o - 1. Give k(-5).
19
Let r(j) = 18*j - 3. Calculate r(3).
51
Let a(i) = i + 20. De